 factors of 3807279.
3, 7, 223, 271
What are the prime factors of 1043405175?
3, 5, 17, 131, 6247
What are the prime factors of 255483353?
97, 271, 9719
What are the prime factors of 1130814459?
3, 359, 116663
List the prime factors of 39996784.
2, 17, 147047
List the prime factors of 77472158.
2, 19, 1223, 1667
List the prime factors of 68280251.
13, 5252327
What are the prime factors of 195429878?
2, 7, 569, 24533
What are the prime factors of 4490411790?
2, 3, 5, 17, 8804729
List the prime factors of 826406524.
2, 206601631
List the prime factors of 89528684.
2, 7, 19, 29, 829
List the prime factors of 1454185860.
2, 3, 5, 29, 835739
What are the prime factors of 2757288332?
2, 29, 23769727
What are the prime factors of 23726858?
2, 19, 624391
What are the prime factors of 55333628?
2, 7, 1976201
What are the prime factors of 477581941?
9719, 49139
What are the prime factors of 221999061?
3, 73999687
What are the prime factors of 195093714?
2, 3, 32515619
List the prime factors of 16335009.
3, 1815001
List the prime factors of 225868609.
37, 521, 11717
List the prime factors of 242967185.
5, 48593437
List the prime factors of 10931910.
2, 3, 5, 11, 157, 211
List the prime factors of 285377454.
2, 3, 19, 59, 14143
What are the prime factors of 35330904?
2, 3, 7, 7789
What are the prime factors of 170836375?
5, 1123, 1217
What are the prime factors of 2665174022?
2, 7, 190369573
What are the prime factors of 5048838355?
5, 11, 167, 549683
List the prime factors of 109223694.
2, 3, 2022661
What are the prime factors of 2675309208?
2, 3, 11, 13, 61, 983
What are the prime factors of 227779580?
2, 5, 7, 23, 127, 557
List the prime factors of 1655989135.
5, 331197827
List the prime factors of 90654361.
7, 1850089
List the prime factors of 96597258.
2, 3, 389, 41387
List the prime factors of 2924797913.
2924797913
What are the prime factors of 1670661374?
2, 19, 43964773
List the prime factors of 45923697.
3, 37, 137909
What are the prime factors of 47739217?
947, 50411
List the prime factors of 35935144.
2, 7, 17, 37747
What are the prime factors of 452544812?
2, 19, 73, 81569
List the prime factors of 5504515.
5, 17, 31, 2089
List the prime factors of 68229320.
2, 5, 83, 20551
List the prime factors of 6109544963.
43, 277, 683, 751
List the prime factors of 569319611.
7, 81331373
What are the prime factors of 149715294?
2, 3, 17, 86341
What are the prime factors of 645012645?
3, 5, 43000843
What are the prime factors of 76787102?
2, 7, 811, 6763
What are the prime factors of 742903979?
23, 32300173
List the prime factors of 434462092.
2, 1607, 67589
List the prime factors of 95237316.
2, 3, 97, 9091
What are the prime factors of 703965418?
2, 13, 239, 113287
List the prime factors of 4703966307.
3, 163, 739, 4339
List the prime factors of 1921796030.
2, 5, 7, 11, 2495839
What are the prime factors of 407657880?
2, 3, 5, 7, 53923
List the prime factors of 4218241151.
4218241151
List the prime factors of 3532836416.
2, 55200569
What are the prime factors of 92029243?
47, 1958069
What are the prime factors of 1722366138?
2, 3, 31, 71, 130423
What are the prime factors of 105791551?
53, 83, 24049
What are the prime factors of 7248327898?
2, 7, 19, 37, 736469
List the prime factors of 2866744907.
13, 220518839
List the prime factors of 516090686.
2, 263, 283, 3467
List the prime factors of 505673919.
3, 7247, 7753
List the prime factors of 83529300.
2, 3, 5, 41, 6791
List the prime factors of 1876857215.
5, 375371443
What are the prime factors of 7908680?
2, 5, 13, 67, 227
List the prime factors of 5727763438.
2, 7699, 371981
What are the prime factors of 137972852?
2, 37, 433, 2153
What are the prime factors of 44943543?
3, 311, 16057
List the prime factors of 1009406153.
7, 97, 1486607
What are the prime factors of 1251088509?
3, 11, 37911773
What are the prime factors of 4196150806?
2, 137, 15314419
List the prime factors of 499714274.
2, 67, 587, 6353
List the prime factors of 13468920.
2, 3, 5, 112241
What are the prime factors of 8285926211?
8285926211
List the prime factors of 3715337480.
2, 5, 92883437
What are the prime factors of 159669820?
2, 5, 281, 28411
What are the prime factors of 6072183793?
13, 23, 1583, 12829
What are the prime factors of 68683095?
3, 5, 13, 113, 1039
What are the prime factors of 3462035291?
11, 13, 24210037
What are the prime factors of 5740644733?
149, 38527817
What are the prime factors of 422506787?
422506787
List the prime factors of 227022662.
2, 271, 418861
List the prime factors of 89945789.
89945789
What are the prime factors of 3723116513?
23, 7321, 22111
List the prime factors of 222154028.
2, 17, 743, 4397
What are the prime factors of 14190750?
2, 3, 5, 7, 17, 53
List the prime factors of 4813645018.
2, 7, 13, 37, 714827
What are the prime factors of 164233902?
2, 3, 7, 29, 134839
What are the prime factors of 311961322?
2, 17, 2017, 4549
List the prime factors of 52516844.
2, 59, 193, 1153
List the prime factors of 773899248.
2, 3, 233, 69197
What are the prime factors of 254206?
2, 127103
List the prime factors of 3391372439.
7, 13, 71, 524899
List the prime factors of 5119839761.
5119839761
What are the prime factors of 1273677681?
3, 424559227
List the prime factors of 587781313.
7, 11995537
List the prime factors of 197007567.
3, 65669189
List the prime factors of 5412506416.
2, 6571, 51481
List the prime factors of 38402400.
2, 3, 5, 16001
List the prime factors of 137086568.
2, 709, 24169
List the prime factors of 1158325466.
2, 579162733
What are the prime factors of 393582948?
2, 3, 11, 19, 139, 1129
What are the prime factors of 349715240?
2, 5, 7, 41, 743
What are the prime factors of 1058507843?
271, 3905933
What are the prime factors of 946563620?
2, 5, 23, 2057747
List the prime factors of 4350461299.
4350461299
List the prime factors of 273988619.
313, 875363
What are the prime factors of 3170505813?
3, 19, 55622909
What are the prime factors of 86011365?
3, 5, 11, 521281
What are the prime factors of 19238513?
7, 29, 94771
List the prime factors of 2869360433.
167, 17181799
What are the prime factors of 674789863?
11, 419, 146407
What are the prime factors of 1795292695?
5, 7, 331, 353, 439
List the prime factors of 75091980.
2, 3, 5, 1251533
What are the prime factors of 1309815026?
2, 13, 67, 829, 907
What are the prime factors of 241843739?
43, 5624273
What are the prime factors of 845403089?
845403089
What are the prime factors of 19614569?
13, 1508813
List the prime factors of 423298161.
3, 11, 13, 67, 4909
List the prime factors of 59445525.
3, 5, 79, 127
List the prime factors of 222505667.
1201, 185267
List the prime factors of 566625511.
37, 71, 215693
What are the prime factors of 2123064893?
191, 11115523
List the prime factors of 96634633.
181, 533893
What are the prime factors of 865083806?
2, 7583, 57041
What are the prime factors of 107376999?
3, 19, 47, 149, 269
What are the prime factors of 201116955?
3, 5, 13, 641, 1609
What are the prime factors of 176247515?
5, 19, 1855237
List the prime factors of 941080450.
2, 5, 19, 29, 34159
List the prime factors of 1861635468.
2, 3, 7, 11, 67, 30071
List the prime factors of 1201295994.
2, 3, 113, 1283, 1381
List the prime factors of 364054843.
71, 5127533
What are the prime factors of 510693701?
7, 241, 302723
List the prime factors of 451718352.
2, 3, 3136933
List the prime factors of 2063521709.
29, 37, 1923133
List the prime factors of 120155740.
2, 5, 6007787
What are the prime factors of 84801803?
84801803
List the prime factors of 466719191.
499, 619, 1511
List the prime factors of 1040294982.
2, 3, 71, 283, 8629
List the prime factors of 18653105.
5, 139, 26839
List the prime factors of 120838078.
2, 37, 173, 9439
List the prime factors of 57523222.
2, 19, 631, 2399
What are the prime factors of 1150336567?
1150336567
What are the prime factors of 41526210?
2, 3, 5, 11, 19, 37, 179
What are the prime factors of 35033638?
2, 1193, 14683
List the prime factors of 98591921.
41, 61, 79, 499
What are the prime factors of 1430941407?
3, 7, 911, 74797
What are the prime factors of 72880555?
5, 11, 181, 7321
What are the prime factors of 188156155?
5, 11, 3421021
List the prime factors of 26759505.
3, 5, 19, 93893
What ar